ands digit of 498394?
9
What is the ten thousands digit of 3213352?
1
What is the units digit of 5640741?
1
What is the millions digit of 7864114?
7
What is the ten thousands digit of 6923638?
2
What is the thousands digit of 390475?
0
What is the units digit of 113033?
3
What is the thousands digit of 2087299?
7
What is the tens digit of 124110?
1
What is the hundred thousands digit of 629348?
6
What is the hundred thousands digit of 401082?
4
What is the thousands digit of 353265?
3
What is the hundreds digit of 1295176?
1
What is the ten thousands digit of 138929?
3
What is the hundreds digit of 1927709?
7
What is the tens digit of 212023?
2
What is the thousands digit of 3654665?
4
What is the hundreds digit of 653150?
1
What is the millions digit of 1412165?
1
What is the millions digit of 7484572?
7
What is the ten thousands digit of 88328?
8
What is the millions digit of 17304663?
7
What is the hundreds digit of 2773023?
0
What is the ten thousands digit of 13532480?
3
What is the ten thousands digit of 371357?
7
What is the ten thousands digit of 364176?
6
What is the hundred thousands digit of 10305250?
3
What is the ten thousands digit of 1448322?
4
What is the thousands digit of 16637302?
7
What is the thousands digit of 2320470?
0
What is the hundred thousands digit of 1074644?
0
What is the thousands digit of 601141?
1
What is the units digit of 191884?
4
What is the millions digit of 1797745?
1
What is the ten millions digit of 37651207?
3
What is the millions digit of 1334319?
1
What is the thousands digit of 3245604?
5
What is the hundred thousands digit of 12884192?
8
What is the units digit of 184718?
8
What is the units digit of 9381897?
7
What is the hundred thousands digit of 802407?
8
What is the units digit of 1231486?
6
What is the units digit of 302572?
2
What is the ten thousands digit of 95953?
9
What is the tens digit of 609947?
4
What is the thousands digit of 34263791?
3
What is the thousands digit of 13418658?
8
What is the ten thousands digit of 953593?
5
What is the hundred thousands digit of 501330?
5
What is the hundreds digit of 2683677?
6
What is the units digit of 1768756?
6
What is the ten thousands digit of 45834?
4
What is the tens digit of 45066?
6
What is the units digit of 347051?
1
What is the hundred thousands digit of 645796?
6
What is the millions digit of 16374424?
6
What is the hundred thousands digit of 1941045?
9
What is the thousands digit of 1022784?
2
What is the units digit of 4202902?
2
What is the hundreds digit of 9845476?
4
What is the hundred thousands digit of 100922?
1
What is the tens digit of 3723?
2
What is the hundred thousands digit of 145677?
1
What is the tens digit of 275305?
0
What is the thousands digit of 10754962?
4
What is the hundred thousands digit of 34835994?
8
What is the units digit of 8345284?
4
What is the units digit of 898280?
0
What is the units digit of 22134?
4
What is the hundreds digit of 150953?
9
What is the millions digit of 19864030?
9
What is the hundreds digit of 3130301?
3
What is the tens digit of 426955?
5
What is the units digit of 1633941?
1
What is the units digit of 555224?
4
What is the millions digit of 3866794?
3
What is the ten thousands digit of 159699?
5
What is the ten thousands digit of 2083582?
8
What is the ten thousands digit of 10093161?
9
What is the units digit of 1668870?
0
What is the ten thousands digit of 11284347?
8
What is the tens digit of 3889754?
5
What is the units digit of 775971?
1
What is the tens digit of 974448?
4
What is the ten thousands digit of 208825?
0
What is the thousands digit of 179013?
9
What is the ten thousands digit of 167316?
6
What is the hundred thousands digit of 23183907?
1
What is the hundreds digit of 5685215?
2
What is the hundreds digit of 18262069?
0
What is the tens digit of 1255260?
6
What is the hundreds digit of 779723?
7
What is the thousands digit of 1538476?
8
What is the tens digit of 75578?
7
What is the ten thousands digit of 6879019?
7
What is the units digit of 343885?
5
What is the hundreds digit of 11841088?
0
What is the units digit of 688321?
1
What is the ten thousands digit of 11629416?
2
What is the units digit of 189463?
3
What is the ten thousands digit of 53348?
5
What is the hundreds digit of 289542?
5
What is the hundred thousands digit of 6186724?
1
What is the hundred thousands digit of 431149?
4
What is the thousands digit of 166997?
6
What is the hundred thousands digit of 2023691?
0
What is the millions digit of 6075600?
6
What is the ten millions digit of 16570372?
1
What is the ten thousands digit of 731606?
3
What is the units digit of 1172253?
3
What is the tens digit of 1506372?
7
What is the hundreds digit of 225082?
0
What is the millions digit of 14404043?
4
What is the units digit of 183828?
8
What is the ten thousands digit of 264186?
6
What is the units digit of 14800558?
8
What is the millions digit of 26610619?
6
What is the ten thousands digit of 2188255?
8
What is the millions digit of 6994460?
6
What is the ten thousands digit of 1187199?
8
What is the hundred thousands digit of 201511?
2
What is the tens digit of 1447146?
4
What is the hundreds digit of 114287?
2
What is the hundreds digit of 20493643?
6
What is the millions digit of 2273989?
2
What is the hundred thousands digit of 4405013?
4
What is the tens digit of 1908599?
9
What is the hundred thousands digit of 7053478?
0
What is the thousands digit of 1040376?
0
What is the tens digit of 6431758?
5
What is the hundred thousands digit of 2906097?
9
What is the units digit of 52655?
5
What is the tens digit of 6508541?
4
What is the ten thousands digit of 775099?
7
What is the millions digit of 3172422?
3
What is the tens digit of 177970?
7
What is the ten thousands digit of 1189136?
8
What is the tens digit of 2184544?
4
What is the ten thousands digit of 21351209?
5
What is the tens digit of 6014647?
4
What is the ten thousands digit of 45962?
4
What is the hundred thousands digit of 26289548?
2
What is the thousands digit of 47505?
7
What is the millions digit of 16279860?
6
What is the hundred thousands digit of 494826?
4
What is the tens digit of 7962238?
3
What is the ten thousands digit of 268954?
6
What is the hundred thousands digit of 453806?
4
What is the units digit of 3440325?
5
What is the ten thousands digit of 1118259?
1
What is the hundred thousands digit of 795027?
7
What is the millions digit of 1318189?
1
What is the hundreds digit of 15667164?
1
What is the hundreds digit of 16913082?
0
What is the thousands digit of 812874?
2
What is the ten millions digit of 16450353?
1
What is the units digit of 8617876?
6
What is the hundreds digit of 1133098?
0
What is the units digit of 386885?
5
What is the thousands digit of 197488?
7
What is the tens digit of 171403?
0
What is the ten thousands digit of 160859?
6
What is the ten thousands digit of 694470?
9
What is the units digit of 7763635?
5
What is the thousands digit of 599813?
9
What is the ten millions digit of 19108423?
1
What is the hundreds digit of 677179?
1
What is the millions digit of 1218779?
1
What is the thousands digit of 67279?
7
What is the tens digit of 497324?
2
What is the millions digit of 8613981?
8
What is the units digit of 1035947?
7
What is the ten thousands digit of 339752?
3
What is the hundred thousands digit of 3852107?
8
What is the hundred thousands digit of 17800169?
8
What is the thousands digit of 532878?
2
What is the thousands digit of 344597?
4
What is the units digit of 208395?
5
What is the hundreds digit of 285994?
9
What is the millions digit of 19274097?
9
What is the hundred thousands digit of 10313256?
3
What is the tens digit of 278301?
0
What is the ten thousands digit of 694080?
9
What is the ten thousands digit of 211625?
1
What is the hundred thousands digit of 995136?
9
What is the thousands digit of 625918?
5
What is the millions digit of 2020039?
2
What is the thousands digit of 4960455?
0
What is the hundreds digit of 300777?
7
What is the hundred thousands digit of 2249340?
2
What is the units digit of 763054?
4
What is the hundreds digit of 599591?
5
What is the ten thousands digit of 8259558?
5
What is the hundreds digit of 1909338?
3
What is the ten thousands d